 to base 16
2
Convert 6 (base 8) to base 6.
10
What is 3 (base 8) in base 14?
3
Convert 17 (base 15) to base 13.
19
Convert 5 (base 16) to base 3.
12
-15 (base 6) to base 8
-13
0 (base 13) to base 5
0
What is 5 (base 15) in base 6?
5
Convert 1a9 (base 11) to base 2.
11110000
10 (base 2) to base 10
2
What is -127 (base 10) in base 16?
-7f
1 (base 16) to base 6
1
What is 3 (base 8) in base 14?
3
c (base 13) to base 6
20
What is 5 (base 15) in base 14?
5
12 (base 10) to base 15
c
-10 (base 7) to base 12
-7
Convert -2 (base 10) to base 11.
-2
-14 (base 9) to base 6
-21
-29 (base 15) to base 13
-30
What is 11 (base 12) in base 2?
1101
Convert 22 (base 3) to base 5.
13
40 (base 11) to base 3
1122
Convert -1000 (base 2) to base 10.
-8
What is -100010 (base 2) in base 9?
-37
Convert -7 (base 15) to base 4.
-13
Convert 1 (base 4) to base 2.
1
-21 (base 11) to base 9
-25
What is 31 (base 6) in base 9?
21
-50 (base 16) to base 14
-5a
Convert 1021 (base 3) to base 5.
114
Convert 10 (base 2) to base 5.
2
-1 (base 10) to base 12
-1
What is -7 (base 13) in base 15?
-7
Convert -4 (base 7) to base 10.
-4
21 (base 5) to base 12
b
Convert 10201 (base 4) to base 2.
100100001
Convert -7 (base 8) to base 6.
-11
What is a2 (base 15) in base 8?
230
2 (base 6) to base 7
2
-11000 (base 2) to base 16
-18
10 (base 8) to base 2
1000
Convert -98 (base 10) to base 7.
-200
What is -10f (base 16) in base 6?
-1131
Convert a9 (base 12) to base 13.
9c
What is 4 (base 5) in base 8?
4
What is 11000 (base 2) in base 12?
20
Convert 34 (base 5) to base 4.
103
What is -80 (base 15) in base 2?
-1111000
What is 9 (base 13) in base 3?
100
Convert 2 (base 14) to base 15.
2
-52 (base 12) to base 9
-68
What is 2 (base 8) in base 7?
2
Convert 10 (base 4) to base 15.
4
-79 (base 15) to base 9
-136
What is 2 (base 15) in base 10?
2
-1 (base 5) to base 3
-1
Convert -41 (base 13) to base 9.
-58
What is 11 (base 13) in base 7?
20
-62 (base 11) to base 10
-68
Convert 4f (base 16) to base 10.
79
Convert 11 (base 6) to base 2.
111
-89 (base 11) to base 10
-97
-d1 (base 15) to base 13
-121
Convert 56 (base 8) to base 13.
37
Convert -1 (base 16) to base 8.
-1
-400 (base 5) to base 6
-244
-81 (base 11) to base 14
-65
Convert 1 (base 11) to base 9.
1
8 (base 16) to base 11
8
Convert -3 (base 7) to base 11.
-3
Convert 5 (base 11) to base 4.
11
Convert 0 (base 15) to base 12.
0
What is 0 (base 6) in base 13?
0
What is -21 (base 14) in base 16?
-1d
Convert -10 (base 7) to base 8.
-7
22 (base 5) to base 8
14
What is -b (base 14) in base 4?
-23
Convert -1 (base 9) to base 12.
-1
What is 442 (base 9) in base 2?
101101010
Convert 5 (base 6) to base 12.
5
Convert -64 (base 15) to base 6.
-234
Convert 6 (base 13) to base 12.
6
Convert -78 (base 16) to base 5.
-440
-6 (base 8) to base 11
-6
What is 3 (base 5) in base 15?
3
What is 101 (base 12) in base 6?
401
What is -103 (base 7) in base 4?
-310
What is -11 (base 2) in base 12?
-3
What is -33 (base 9) in base 6?
-50
Convert 147 (base 14) to base 8.
403
5 (base 6) to base 11
5
Convert 62 (base 8) to base 9.
55
0 (base 12) to base 5
0
Convert 2 (base 4) to base 10.
2
Convert 11 (base 15) to base 5.
31
What is -2 (base 15) in base 11?
-2
What is 24 (base 9) in base 8?
26
What is 100 (base 2) in base 7?
4
What is 59 (base 16) in base 2?
1011001
Convert 126 (base 8) to base 11.
79
What is 4 (base 16) in base 12?
4
What is 0 (base 13) in base 16?
0
What is 125 (base 8) in base 11?
78
Convert 1 (base 3) to base 15.
1
214 (base 9) to base 3
20111
-1341 (base 5) to base 10
-221
Convert -41 (base 10) to base 7.
-56
What is -3 (base 14) in base 2?
-11
What is 2110 (base 3) in base 13?
51
What is -3 (base 5) in base 10?
-3
-3 (base 5) to base 8
-3
-13 (base 4) to base 9
-7
Convert 1004 (base 5) to base 12.
a9
What is 0 (base 4) in base 10?
0
-1 (base 5) to base 3
-1
Convert 130 (base 9) to base 5.
413
What is -61 (base 7) in base 13?
-34
Convert 10 (base 15) to base 11.
14
65 (base 7) to base 5
142
What is 20111 (base 3) in base 15?
ba
11 (base 2) to base 4
3
Convert -1 (base 9) to base 14.
-1
-83 (base 9) to base 10
-75
Convert -156 (base 9) to base 2.
-10000100
41 (base 15) to base 13
49
-3 (base 10) to base 16
-3
13 (base 15) to base 11
17
-15 (base 7) to base 11
-11
Convert -61 (base 9) to base 10.
-55
Convert 88 (base 9) to base 11.
73
What is -1050 (base 6) in base 16?
-f6
Convert -26 (base 12) to base 13.
-24
-b (base 16) to base 9
-12
4 (base 13) to base 14
4
-20 (base 9) to base 14
-14
Convert 21 (base 3) to base 16.
7
-120 (base 3) to base 14
-11
Convert 204 (base 5) to base 11.
4a
Convert 332 (base 4) to base 14.
46
Convert 1 (base 7) to base 15.
1
What is -13 (base 5) in base 12?
-8
What is -70 (base 14) in base 2?
-1100010
a (base 12) to base 4
22
Convert -33 (base 13) to base 11.
-39
What is 1 (base 14) in base 13?
1
Convert 4 (base 9) to base 15.
4
281 (base 9) to base 14
12b
-d5 (base 15) to base 10
-200
12110 (base 3) to base 15
9c
What is 2 (base 11) in base 16?
2
What is 55 (base 14) in base 4?
1023
Convert -6 (base 12) to base 9.
-6
What is -9 (base 11) in base 5?
-14
-10 (base 9) to base 4
-21
Convert -20 (base 12) to base 4.
-120
Convert 115 (base 9) to base 6.
235
-4 (base 5) to base 8
-4
What is -120 (base 3) in base 11?
-14
Convert 4 (base 7) to base 14.
4
What is 23 (base 5) in base 2?
1101
What is -136 (base 10) in base 12?
-b4
Convert -3 (base 11) to base 9.
-3
100 (base 5) to base 8
31
Convert -13 (base 7) to base 4.
-22
What is -333 (base 5) in base 7?
-162
Convert 1 (base 2) to base 7.
1
Convert -2 (base 16) to base 15.
-2
Convert -1310 (base 4) to base 10.
-116
Convert 1 (base 3) to base 2.
1
5 (base 12) to base 14
5
What is 3 (base 16) in base 6?
3
What is 1 (base 10) in base 15?
1
Convert -a7 (base 12) to base 9.
-151
What is 4 (base 15) in base 12?
4
What is -3 (base 7) in base 10?
-3
b3 (base 13) to base 14
a6
What is 40 (base 5) in base 16?
14
40 (base 5) to base 16
14
What is 0 (base 11) in base 6?
0
What is -3 (base 11) in base 14?
-3
-117 (base 11) to base 4
-2023
What is 11 (base 3) in base 12?
4
Convert 11 (base 13) to base 15.
e
Convert 3 (base 5) to base 6.
3
Convert -4 (base 13) to base 16.
-4
What is 46 (base 16) in base 6?
154
What is -60 (base 16) in base 14?
-6c
What is -64 (base 15) in base 8?
-136
What is -3 (base 9) in base 4?
-3
What is -13 (base 16) in base 14?
-15
What is -602 (base 7) in base 2?
-100101000
What is 3b (base 16) in base 9?
65
What is 2 (base 6) in base 14?
2
Convert -2020 (base 4) to base 9.
-161
What is 20 (base 8) in base 15?
11
Convert -2 (base 14) to base 6.
-2
What is -7 (base 11) in base 4?
-13
Convert 4 (base 13) to base 14.
4
What is 4 (base 8) in base 14?
4
12 (base 9) to base 6
15
-7 (base 14) to base 9
-7
0 (base 11) to base 14
0
Convert -52 (base 8) to base 4.
-222
Convert 10 (base 4) to base 2.
100
-7 (base 10) to base 9
-7
Convert -14 (base 15) to base 4.
-103
226 (base 8) to base 4
2112
What is 0 (base 13) in base 2?
0
1 (base 16) to base 15
1
What is -40 (base 7) in base 12?
-24
-11 (base 2) to base 3
-10
What is -6 (base 12) in base 2?
-110
What is 5 (base 16) in base 4?
11
What is 0 (base 10) in base 7?
0
Convert 97 (base 14) to base 16.
85
What is 3 (base 14) in base 12?
3
2 (base 5) to base 7
2
Convert 2 (base 12) to base 9.
2
38 (base 16) to base 12
48
Convert -3 (base 8) to base 16.
-3
-115 (base 7) to base 11
-56
What is -11103 (base 4) in base 10?
-339
What is 112 (base 7) in base 15?
3d
Convert -20 (base 5) to base 16.
-a
-101 (base 2) to base 14
-5
-1 (base 8) to base 9
-1
What is -10e (base 15) in base 11?
-1a8
121 (base 5) to base 16
24
Convert -254 (base 9) to base 4.
-3103
52 (base 9) to base 13
38
Convert -127 (base 11) to base 6.
-410
What is -6 (base 14) in base 16?
-6
-20 (base 4) to base 13
-8
What is 11211 (base 4) in base 2?
101100101
Convert 19 (base 15) to base 9.
26
10 (base 8) to base 4
20
Convert 103 (base 10) to base 13.
7c
Convert -10 (base 5) to base 3.
-12
What is -20 (base 7) in base 11?
-13
-3 (base 7) to base 15
-3
38 (base 11) to base 15
2b
Convert 100 (base 5) to base 7.
34
-101 (base 5) to base 12
-22
-17 (base 13) to base 9
-22
-4 (base 9) to base 4
-10
What is 51 (base 15) in base 12?
64
67 (base 14) to base 16
5b
What is -28 (base 15) in base 12